87?
0
Calculate the remainder when 102455 is divided by 16667.
2453
Calculate the remainder when 5574191 is divided by 624.
623
Calculate the remainder when 839773 is divided by 3700.
3573
What is the remainder when 7643335 is divided by 376?
7
Calculate the remainder when 871196 is divided by 17.
14
What is the remainder when 320795 is divided by 192?
155
What is the remainder when 491182 is divided by 93?
49
What is the remainder when 1738133 is divided by 675?
8
What is the remainder when 33947017 is divided by 558?
529
What is the remainder when 26039775 is divided by 558?
147
Calculate the remainder when 248247 is divided by 100.
47
What is the remainder when 1284190 is divided by 10526?
18
Calculate the remainder when 724872 is divided by 2089.
2078
What is the remainder when 26012922 is divided by 182?
26
What is the remainder when 3137911 is divided by 30?
1
What is the remainder when 205243 is divided by 43?
4
Calculate the remainder when 230911 is divided by 8790.
2371
Calculate the remainder when 4081321 is divided by 113370.
1
What is the remainder when 332274 is divided by 11866?
26
What is the remainder when 896223 is divided by 1829?
13
Calculate the remainder when 935060 is divided by 234.
230
What is the remainder when 153927 is divided by 55?
37
Calculate the remainder when 664870 is divided by 320.
230
What is the remainder when 5091627 is divided by 636450?
27
What is the remainder when 3862913 is divided by 22?
21
Calculate the remainder when 771321 is divided by 15426.
21
Calculate the remainder when 1243464 is divided by 24807.
3114
What is the remainder when 1388881 is divided by 347218?
9
Calculate the remainder when 3507903 is divided by 113158.
5
Calculate the remainder when 4272046 is divided by 965.
956
Calculate the remainder when 2293 is divided by 1955.
338
What is the remainder when 5207101 is divided by 846?
817
What is the remainder when 1026565 is divided by 513239?
87
Calculate the remainder when 306047 is divided by 21860.
7
What is the remainder when 192359 is divided by 1165?
134
Calculate the remainder when 1294752 is divided by 188.
184
Calculate the remainder when 5338426 is divided by 4547.
248
Calculate the remainder when 12780 is divided by 12746.
34
Calculate the remainder when 21516 is divided by 5094.
1140
What is the remainder when 3841497 is divided by 426832?
9
Calculate the remainder when 2001239 is divided by 5934.
1481
Calculate the remainder when 20718955 is divided by 3091.
3073
Calculate the remainder when 10324857 is divided by 214.
213
Calculate the remainder when 219261 is divided by 818.
37
Calculate the remainder when 48868233 is divided by 3257882.
3
Calculate the remainder when 14338 is divided by 549.
64
What is the remainder when 272838 is divided by 1378?
1372
What is the remainder when 306725 is divided by 2085?
230
What is the remainder when 94006 is divided by 46218?
1570
What is the remainder when 20157644 is divided by 272?
268
What is the remainder when 18436098 is divided by 1517?
1514
What is the remainder when 135453 is divided by 135415?
38
What is the remainder when 17097903 is divided by 432?
207
Calculate the remainder when 35313 is divided by 10264.
4521
What is the remainder when 6763488 is divided by 278?
26
Calculate the remainder when 172950 is divided by 86367.
216
Calculate the remainder when 13069495 is divided by 48.
7
Calculate the remainder when 1566953 is divided by 391723.
61
Calculate the remainder when 36794595 is divided by 18.
3
What is the remainder when 21673408 is divided by 344022?
22
What is the remainder when 32166 is divided by 825?
816
Calculate the remainder when 54716 is divided by 171.
167
What is the remainder when 5912253 is divided by 34?
27
What is the remainder when 9139979 is divided by 365599?
4
What is the remainder when 48749 is divided by 16?
13
Calculate the remainder when 65684 is divided by 4478.
2992
Calculate the remainder when 42147 is divided by 3784.
523
Calculate the remainder when 352119 is divided by 352016.
103
What is the remainder when 2076540 is divided by 3817?
92
Calculate the remainder when 351512 is divided by 208.
200
Calculate the remainder when 46702 is divided by 2058.
1426
Calculate the remainder when 96499564 is divided by 85.
84
What is the remainder when 24934445 is divided by 27221?
9
What is the remainder when 20705 is divided by 15872?
4833
Calculate the remainder when 38080164 is divided by 9873.
3
What is the remainder when 10268389 is divided by 4109?
4107
Calculate the remainder when 74125674 is divided by 6151.
6124
What is the remainder when 2464126 is divided by 94773?
28
Calculate the remainder when 672657639 is divided by 326.
323
Calculate the remainder when 362608 is divided by 44933.
3144
Calculate the remainder when 348579 is divided by 533.
530
What is the remainder when 79137 is divided by 1009?
435
What is the remainder when 2999977 is divided by 198?
79
What is the remainder when 2702297 is divided by 26?
13
Calculate the remainder when 765644 is divided by 253268.
5840
What is the remainder when 7006878 is divided by 555?
3
Calculate the remainder when 310617 is divided by 5.
2
Calculate the remainder when 1413947 is divided by 141.
140
What is the remainder when 174451871 is divided by 322?
321
Calculate the remainder when 18004121 is divided by 1730.
11
Calculate the remainder when 42066424 is divided by 43.
40
What is the remainder when 62875171 is divided by 24?
19
Calculate the remainder when 24321427 is divided by 406.
403
Calculate the remainder when 20564 is divided by 6549.
917
What is the remainder when 2783566 is divided by 59?
5
Calculate the remainder when 182649373 is divided by 17.
13
What is the remainder when 3558113 is divided by 17?
13
Calculate the remainder when 3032374 is divided by 19192.
38
Calculate the remainder when 102673 is divided by 34196.
85
Calculate the remainder when 903620 is divided by 301200.
20
Calculate the remainder when 93175 is divided by 9279.
385
What is the remainder when 1979349 is divided by 94?
85
Calculate the remainder when 66707 is divided by 15307.
5479
What is the remainder when 134652527 is divided by 22?
9
Calculate the remainder when 1416792 is divided by 88546.
56
What is the remainder when 8915619 is divided by 61487?
4
Calculate the remainder when 66538296 is divided by 167.
152
What is the remainder when 1707578 is divided by 237?
230
Calculate the remainder when 7838595 is divided by 43.
39
Calculate the remainder when 8109769 is divided by 13.
5
Calculate the remainder when 67613251 is divided by 12141.
22
What is the remainder when 24872 is divided by 342?
248
What is the remainder when 82442956 is divided by 6?
4
Calculate the remainder when 7248137 is divided by 2140.
2097
Calculate the remainder when 21058147 is divided by 37.
4
What is the remainder when 5339300 is divided by 236?
36
Calculate the remainder when 5740364 is divided by 10631.
10255
Calculate the remainder when 3601034 is divided by 21.
17
What is the remainder when 1126224 is divided by 375029?
1137
What is the remainder when 4199397218 is divided by 10?
8
Calculate the remainder when 18125097 is divided by 76.
9
Calculate the remainder when 6500350 is divided by 144451.
55
What is the remainder when 547139 is divided by 689?
73
What is the remainder when 218483 is divided by 7521?
374
What is the remainder when 39187 is divided by 12908?
463
Calculate the remainder when 25546 is divided by 22994.
2552
Calculate the remainder when 78601 is divided by 232.
185
Calculate the remainder when 551964238 is divided by 2538.
2536
Calculate the remainder when 2803600 is divided by 57.
55
What is the remainder when 24991729 is divided by 8330575?
4
Calculate the remainder when 15532747 is divided by 7766370.
7
Calculate the remainder when 20625060 is divided by 8357.
8341
Calculate the remainder when 160022143 is divided by 40005527.
35
What is the remainder when 160915 is divided by 399?
118
What is the remainder when 123332746 is divided by 462?
460
Calculate the remainder when 9290750 is divided by 1024.
1022
What is the remainder when 6086295 is divided by 4082?
33
Calculate the remainder when 755396 is divided by 188814.
140
Calculate the remainder